2, 13, 523
What are the prime factors of 29233?
23, 31, 41
What are the prime factors of 482?
2, 241
List the prime factors of 655.
5, 131
List the prime factors of 100321.
13, 7717
What are the prime factors of 14736?
2, 3, 307
List the prime factors of 4012.
2, 17, 59
What are the prime factors of 13934?
2, 6967
List the prime factors of 17978.
2, 89, 101
List the prime factors of 6273.
3, 17, 41
What are the prime factors of 22443?
3, 7481
List the prime factors of 22995.
3, 5, 7, 73
What are the prime factors of 59488?
2, 11, 13
What are the prime factors of 881?
881
What are the prime factors of 411?
3, 137
List the prime factors of 455.
5, 7, 13
List the prime factors of 34911.
3, 431
What are the prime factors of 3484?
2, 13, 67
What are the prime factors of 36977?
103, 359
List the prime factors of 5120.
2, 5
List the prime factors of 3384.
2, 3, 47
List the prime factors of 18691.
18691
What are the prime factors of 250?
2, 5
What are the prime factors of 10773?
3, 7, 19
What are the prime factors of 7855?
5, 1571
List the prime factors of 23244.
2, 3, 13, 149
List the prime factors of 57560.
2, 5, 1439
List the prime factors of 2859.
3, 953
What are the prime factors of 951?
3, 317
List the prime factors of 773.
773
List the prime factors of 7476.
2, 3, 7, 89
What are the prime factors of 1626?
2, 3, 271
List the prime factors of 21094.
2, 53, 199
List the prime factors of 884.
2, 13, 17
List the prime factors of 22629.
3, 19, 397
List the prime factors of 121968.
2, 3, 7, 11
What are the prime factors of 8335?
5, 1667
List the prime factors of 83899.
53, 1583
What are the prime factors of 874?
2, 19, 23
What are the prime factors of 790?
2, 5, 79
List the prime factors of 110822.
2, 55411
List the prime factors of 40621.
7, 829
List the prime factors of 14403.
3, 4801
What are the prime factors of 10540?
2, 5, 17, 31
List the prime factors of 3625.
5, 29
List the prime factors of 43649.
43649
List the prime factors of 3687.
3, 1229
List the prime factors of 23385.
3, 5, 1559
List the prime factors of 1154.
2, 577
List the prime factors of 739.
739
What are the prime factors of 96545?
5, 19309
List the prime factors of 786.
2, 3, 131
What are the prime factors of 620?
2, 5, 31
What are the prime factors of 1678?
2, 839
What are the prime factors of 2421?
3, 269
List the prime factors of 36012.
2, 3, 3001
List the prime factors of 2719.
2719
What are the prime factors of 300?
2, 3, 5
What are the prime factors of 1826?
2, 11, 83
List the prime factors of 5716.
2, 1429
What are the prime factors of 1512?
2, 3, 7
What are the prime factors of 5089?
7, 727
List the prime factors of 10121.
29, 349
What are the prime factors of 954?
2, 3, 53
What are the prime factors of 19697?
19697
List the prime factors of 866.
2, 433
What are the prime factors of 14258?
2, 7129
What are the prime factors of 5384?
2, 673
What are the prime factors of 57085?
5, 7, 233
What are the prime factors of 14766?
2, 3, 23, 107
What are the prime factors of 751?
751
List the prime factors of 686.
2, 7
What are the prime factors of 21679?
7, 19, 163
List the prime factors of 1004.
2, 251
List the prime factors of 14927.
11, 23, 59
List the prime factors of 1724.
2, 431
List the prime factors of 3403.
41, 83
List the prime factors of 15885.
3, 5, 353
List the prime factors of 3804.
2, 3, 317
List the prime factors of 8362.
2, 37, 113
What are the prime factors of 1706?
2, 853
List the prime factors of 3439.
19, 181
What are the prime factors of 829?
829
What are the prime factors of 2351?
2351
What are the prime factors of 2188?
2, 547
List the prime factors of 21393.
3, 2377
What are the prime factors of 8096?
2, 11, 23
What are the prime factors of 3864?
2, 3, 7, 23
What are the prime factors of 332?
2, 83
What are the prime factors of 895?
5, 179
What are the prime factors of 13186?
2, 19, 347
List the prime factors of 910.
2, 5, 7, 13
List the prime factors of 4377.
3, 1459
List the prime factors of 3113.
11, 283
What are the prime factors of 1447?
1447
List the prime factors of 156264.
2, 3, 17, 383
List the prime factors of 42426.
2, 3, 2357
What are the prime factors of 11778?
2, 3, 13, 151
What are the prime factors of 55206?
2, 3, 3067
List the prime factors of 4576.
2, 11, 13
List the prime factors of 1170.
2, 3, 5, 13
List the prime factors of 5513.
37, 149
What are the prime factors of 20644?
2, 13, 397
List the prime factors of 17490.
2, 3, 5, 11, 53
What are the prime factors of 27?
3
List the prime factors of 892.
2, 223
List the prime factors of 98591.
19, 5189
What are the prime factors of 2335?
5, 467
List the prime factors of 3677.
3677
What are the prime factors of 17395?
5, 7, 71
What are the prime factors of 106?
2, 53
What are the prime factors of 3054?
2, 3, 509
What are the prime factors of 38390?
2, 5, 11, 349
List the prime factors of 43039.
193, 223
What are the prime factors of 31042?
2, 11, 17, 83
List the prime factors of 4453.
61, 73
What are the prime factors of 19771?
17, 1163
What are the prime factors of 18282?
2, 3, 11, 277
What are the prime factors of 41453?
41453
What are the prime factors of 4027?
4027
What are the prime factors of 439?
439
What are the prime factors of 14145?
3, 5, 23, 41
What are the prime factors of 3181?
3181
List the prime factors of 48780.
2, 3, 5, 271
List the prime factors of 58736.
2, 3671
List the prime factors of 9390.
2, 3, 5, 313
What are the prime factors of 27067?
27067
List the prime factors of 182.
2, 7, 13
What are the prime factors of 61394?
2, 30697
What are the prime factors of 13037?
13037
List the prime factors of 2191.
7, 313
What are the prime factors of 6858?
2, 3, 127
List the prime factors of 3217.
3217
What are the prime factors of 9775?
5, 17, 23
List the prime factors of 46477.
46477
What are the prime factors of 1331?
11
What are the prime factors of 8989?
89, 101
What are the prime factors of 2783?
11, 23
List the prime factors of 62857.
239, 263
List the prime factors of 692.
2, 173
List the prime factors of 631.
631
List the prime factors of 4964.
2, 17, 73
What are the prime factors of 20877?
3, 6959
What are the prime factors of 4405?
5, 881
What are the prime factors of 4556?
2, 17, 67
List the prime factors of 461.
461
List the prime factors of 1193.
1193
What are the prime factors of 4815?
3, 5, 107
List the prime factors of 3230.
2, 5, 17, 19
What are the prime factors of 4903?
4903
List the prime factors of 2217.
3, 739
List the prime factors of 1799.
7, 257
List the prime factors of 42218.
2, 11, 19, 101
List the prime factors of 5811.
3, 13, 149
What are the prime factors of 38225?
5, 11, 139
What are the prime factors of 9133?
9133
List the prime factors of 1064.
2, 7, 19
List the prime factors of 20096.
2, 157
List the prime factors of 7.
7
List the prime factors of 2194.
2, 1097
What are the prime factors of 44050?
2, 5, 881
List the prime factors of 14779.
14779
List the prime factors of 644.
2, 7, 23
List the prime factors of 2974.
2, 1487
List the prime factors of 104502.
2, 3, 17417
List the prime factors of 7578.
2, 3, 421
List the prime factors of 11588.
2, 2897
What are the prime factors of 116204?
2, 11, 19, 139
What are the prime factors of 1140?
2, 3, 5, 19
What are the prime factors of 19403?
19403
What are the prime factors of 10479?
3, 7, 499
List the prime factors of 1546.
2, 773
What are the prime factors of 1761?
3, 587
List the prime factors of 96677.
7, 1973
List the prime factors of 2370.
2, 3, 5, 79
List the prime factors of 186.
2, 3, 31
What are the prime factors of 2279?
43, 53
List the prime factors of 321.
3, 107
List the prime factors of 3863.
3863
What are the prime factors of 3051?
3, 113
What are the prime factors of 108521?
7, 37, 419
What are the prime factors of 6244?
2, 7, 223
What are the prime factors of 11092?
2, 47, 59
What are the prime factors of 3387?
3, 1129
List the prime factors of 31221.
3, 3469
What are the prime factors of 1486?
2, 743
What are the prime factors of 20566?
2, 7, 13, 113
List the prime factors of 1643.
31, 53
List the prime factors of 19390.
2, 5, 7, 277
List the prime factors of 3756.
2, 3, 313
List the prime factors of 25742.
2, 61, 211
List the prime factors of 3586.
2, 11, 163
List the prime fa